 + 5*i, -2*f - 4 = -5*i. What is the remainder when 26 is divided by f?
2
Let d(b) = -b**3 + 6*b**2 - 2*b + 5. Let s(j) = -13*j - 4. Calculate the remainder when s(-5) is divided by d(0).
1
Suppose -29*p + 3538 + 2465 = 0. What is the remainder when 644 is divided by p?
23
Let p = -1 - -8. Let b(t) = -16 + t + 220*t**2 + 5*t + 11*t - 196*t**2. Calculate the remainder when b(1) is divided by p.
4
Let x = 27 + -25. Suppose 2*h - 18 = -x. What is the remainder when 119 is divided by h?
7
Let r(z) = -3*z**2 + 60*z - 46. Suppose 2*u - 242 = u. What is the remainder when u is divided by r(2)?
56
Let d = 8 - -7. Suppose -1540 = -7*p - 0*p. Let c = 261 - p. Calculate the remainder when c is divided by d.
11
Let q = 1777 + 3703. Calculate the remainder when q is divided by 36.
8
Let o = 32 + -10. Suppose 0*w = w + 2*y - 12, -3 = y. Suppose -5*h = -w - 22. Calculate the remainder when o is divided by h.
6
Let p(a) = -1019*a + 5608. Calculate the remainder when 1027 is divided by p(5).
1
Let b(p) = 35*p - 144. What is the remainder when b(10) is divided by (4/4)/(2/70)?
31
Let o = -329 + 1622. Calculate the remainder when o is divided by 108.
105
Let y = 7683 + -6727. Calculate the remainder when y is divided by 256.
188
Let k(i) be the first derivative of i**4/4 + 4*i**3/3 - i**2/2 - i + 15. What is the remainder when 80 is divided by k(-2)?
8
Let p(a) = 0 + a + 5 + 0*a. Suppose i - 22 = -4*u, -2 = -i + 4*u - 20. What is the remainder when 26 is divided by p(i)?
5
Suppose 2*j - 735 = -5*p - 695, 0 = -5*p + 20. Calculate the remainder when 18 is divided by j.
8
Suppose 47*t - 51*t = v - 134, 2*v - 169 = -5*t. Let y be ((-1)/(-3) + -1)*3. Calculate the remainder when y/8 - (-4686)/24 is divided by t.
30
Suppose 2*k - 3 = -p + k, 8*k + 93 = 5*p. What is the remainder when 71 is divided by p?
8
Let k(d) = 27*d**2 - 206*d + 207. Calculate the remainder when 973 is divided by k(1).
21
Let n(b) = b**3 + 17*b**2 - 39*b + 2. Let m be n(-19). Let v(u) = u**3 - 22*u**2 + 22*u + 72. Calculate the remainder when v(m) is divided by 50.
43
Let k = -595 + 611. Suppose -32*b + 608 = -k*b. Let z(n) = n**3 + 4*n**2 - 5*n - 5. Calculate the remainder when b is divided by z(-4).
8
Let h = -95 - -100. Suppose -h*j + 11*x - 7*x + 31 = 0, -2*j + 12 = -2*x. Calculate the remainder when 28 is divided by j.
0
Let p = 3160 + -3131. What is the remainder when 109 is divided by p?
22
Let q = 25 + 9. Suppose 0 = 41*b - 161 - 26 - 305. What is the remainder when q is divided by b?
10
Suppose 11*u - 4 = 7. What is the remainder when (23 - -49) + u/(-1) is divided by 18?
17
Suppose 0 = 3*j + 2*j - 55. Let c = 27 + -15. Calculate the remainder when (-30)/(-4 + 2)*j is divided by c.
9
Suppose -3*s = -4*w + 90, 0 = -4*w - 2*s + 880 - 820. Let l(y) = 47*y**2 - 1. What is the remainder when l(-1) is divided by w?
10
Suppose 14 - 8 = -2*q, 3*d - 117 = -q. Calculate the remainder when 2439 is divided by d.
39
Let c = -184 - -367. Let p be ((-11)/33)/(0 + (-1)/c). Let o = 83 - p. What is the remainder when o is divided by 9?
4
Suppose 64 = 2*r + 22. Let n = -138 - -176. What is the remainder when n is divided by r?
17
Let z(x) = 0*x - 8 - 3*x**3 + 9*x + 17 + 4 - 23*x**2. Calculate the remainder when 99 is divided by z(-8).
4
Let u(g) = -g**2 - 25*g + 17. Let k be u(-26). Calculate the remainder when 57 is divided by (-63)/k + 14 + 6.
3
Suppose 0 = -246*i - 123*i + 22509. What is the remainder when 212 is divided by i?
29
Suppose -5*u = 3*n + 354 - 1393, 0 = 3*u + n - 625. What is the remainder when 217 is divided by u?
8
Suppose 0 = -d - 3*p + 12, -d = 3*p + p - 9. Let u be 0/3 - (-6 + 3). Let v(o) = -o**3 + 3*o**2 + 6. What is the remainder when d is divided by v(u)?
3
Let s = 210 - 133. Let r(l) = 2*l**2 + 24*l + 13. Let q be r(-13). Suppose -33*u = -q*u + 240. What is the remainder when s is divided by u?
37
Let s(r) = -r**3 - 31*r**2 - 20*r + 2. Let d be s(-31). What is the remainder when (d/(-6))/((-62)/6 - -10) is divided by 9?
5
Suppose -2*y + 6 = 0, 4*i - 2*y - 4 = 2*y. Suppose o - i - 22 = 0. Calculate the remainder when 2/2*1 + 4 + 78 + -8 is divided by o.
23
Suppose 42*j - 1502 - 1816 = 0. What is the remainder when 158 is divided by j?
0
Let c(a) = -5*a + 131. Let b = -214 - -234. Calculate the remainder when 42 is divided by c(b).
11
Let u = 5431 + -5215. Calculate the remainder when 857 is divided by u.
209
Let t = -5322 - -5474. Calculate the remainder when 587 is divided by t.
131
Let f(q) = 80*q - 588. Calculate the remainder when f(9) is divided by 8.
4
Let f be (2 - (0 + 2))/2. Suppose -7*p + 182 + 35 = f. What is the remainder when ((-2484)/90)/(-1*3/10) is divided by p?
30
What is the remainder when 137/((-8)/(576/(-24))) is divided by 193?
25
Suppose -15*k - 8*k - 9062 = 0. Let j = 163 - k. What is the remainder when j is divided by 70?
67
Let u(x) = x**2 + 6*x - 10. Let g(t) = 2*t**2 - 1. Let a be g(3). Let y = a + -9. Calculate the remainder when u(-10) is divided by y.
6
Let d(u) = -u + 15. Let h(o) be the second derivative of o**4/12 - o**3 + 8*o**2 + 12*o - 1. Calculate the remainder when d(-13) is divided by h(5).
6
Let y = 90 - -291. Suppose -3*a - 357 = -y. Suppose u - 67 = 3*l - 6*l, -4*l = 4*u - 100. Calculate the remainder when l is divided by a.
5
Suppose k = -4*h + 105, -100 = -4*h - 5*k + 25. Calculate the remainder when 59 is divided by h.
9
Suppose -5*x + 14 = -1, 2*d - 39 = 3*x. Let i = -597 + 597. Suppose 5*m + 6*w - 7*w - 71 = i, 2*w = 2*m - 30. Calculate the remainder when d is divided by m.
10
Suppose -74*v = -70*v - 205 - 247. What is the remainder when 323 is divided by v?
97
Suppose -10*u + 8*u + 44 = 0. Suppose 241 = 7*x + 325. Let m = u + x. What is the remainder when 35 is divided by m?
5
Let t = 824 - 821. Let k = -112 - -80. Calculate the remainder when (-6)/t - k - 9/(-3) is divided by 12.
9
Let g be -148*((-9)/3)/6. Suppose 0 = -25*s + 13 - 13. Suppose 3*f - 85 - g = s. What is the remainder when f is divided by 6?
5
Let l(g) = -26*g - 509. Calculate the remainder when 140 is divided by l(-21).
29
Suppose 0 = -49*b + 34278 + 17074. What is the remainder when b is divided by 62?
56
Suppose -8*w - 243 = -17*w. Calculate the remainder when 9827 is divided by w.
26
Let f = -1431 - -2018. Let c = 589 - f. What is the remainder when c is divided by 2?
0
Let s(f) = -8*f**3 - 118*f**2 + 25*f - 31. Calculate the remainder when s(-15) is divided by 5.
4
Suppose -2*y + 3*d + 2881 = 0, -5*y + 4739 = d - 2421. Let x = 1711 - y. Let g(h) = -h**3 - h**2 - h + 4. What is the remainder when x is divided by g(-4)?
54
Let g = -2577 + 2689. Calculate the remainder when 404 is divided by g.
68
Let p = -2608 + 2614. What is the remainder when 454 is divided by p?
4
Suppose 1288*u = 1295*u - 287. What is the remainder when 2371 is divided by u?
34
Let p = -126 + 5. Let x = p + 114. Let m(o) = -5*o - 9. What is the remainder when m(x) is divided by 19?
7
What is the remainder when ((-39240)/(-54))/(2/9) is divided by 1632?
6
Let w(y) = 27*y**2 - 124*y + 69. What is the remainder when w(6) is divided by 165?
132
Let m = 86 + -71. Suppose 10*z = m*z - 95. What is the remainder when 132 is divided by z?
18
Let w = -1035 + 6272. What is the remainder when w is divided by 13?
11
Let f(q) be the first derivative of 9*q**3 + q**2/2 - 6*q - 262. Calculate the remainder when 307 is divided by f(2).
99
Let v = 16916 + -16655. Calculate the remainder when 321 is divided by v.
60
Calculate the remainder when (692 + (-10 - -18))*(-2)/(-1 - 0) is divided by 694.
12
Suppose -21 = -2*x + 27. Suppose 2*y - x = y. Calculate the remainder when 189 is divided by y.
21
Let c be -2 - -4 - (-2 + 1). Calculate the remainder when 6*2*(-133)/(-76) is divided by c/(-6)*(-8 - 0).
1
Let y = 70 + -24. Let o = 6198 - 5974. Calculate the remainder when o is divided by y.
40
Suppose -1617 = -6*t - 3*c, -33 + 542 = 2*t - 5*c. Calculate the remainder when 1618 is divided by t.
16
Calculate the remainder when 1329 is divided by ((-20)/(-24) + 5)*(-7 - -13).
34
Let i = -819 + 1544. Let j = 743 - i. What is the remainder when 230 is divided by j?
14
Suppose -43*w + 38*w + 5840 = 5*q, 5840 = 5*q + 3*w. Calculate the remainder when q is divided by 16.
0
What is the remainder when -12 + (-16)/(-4) - (